 + -31?
-46
Evaluate -2321 - -2188 - (2 + -37).
-98
Evaluate -7 - (-2 + -29 + -1) - 7.
18
77 + (-45 + 52 + (-13 - 1) - 7)
63
Calculate -35 - (-14 - (-21 - -71)).
29
52 - 32 - ((1 - (5 + 0 - 4)) + -7)
27
-82 - (-143 - -67) - -3
-3
Calculate -7 + 8 + 13 - 13 - (-11 - 34 - -1).
45
What is the value of (2 - (-20 + (38 - 15))) + (0 - -1)?
0
Calculate 42 + 140 + (-88 - 5).
89
-45 + -1 + (2216 - 2115)
55
What is the value of 78 + (-4 - (79 - 76))?
71
What is (-49 - -54) + -13 + 79?
71
-5 + 2 + -45 + (917 - 891)
-22
What is the value of (2 - 6) + -66 + 4 + -20 + 41 + -19?
-64
What is -8 - (-117 - -113 - -18)?
-22
(-4 + -7 - 5) + (-43 - -63) - (1 - -36)
-33
Evaluate -762 + 723 + 0 + (-21 - -2).
-58
What is (-42 - (-32 + 52 + -21)) + 20?
-21
Calculate 142 - 156 - ((-2 + -1 - -1) + -91 + 31).
48
What is 54 - 23 - (-6 + 3 + 25)?
9
Calculate -55 - (26 - (71 - 36)).
-46
What is the value of 10 + (37 - 31 - 3) - (0 + 26)?
-13
What is the value of 55 + (19 - 82) + 11?
3
Calculate 12 - (25 + -47 + 98 + -17).
-47
What is the value of (2 + 2 - 4) + 2 + (28 + 21 - 12)?
39
Calculate -22 + (-10 - 6) + 68 - 42.
-12
What is -13 + -2 + -1 + (0 + -72 - (4389 - 4406))?
-71
2834 + -2818 - (2 - 7)
21
Evaluate (-56 - 12) + -4 + 112.
40
Evaluate (16 - 1) + -3 - ((17 - 15 - 5) + 9).
6
Calculate -4 + (-14 - (-18 + 5)) + 11 + 43.
49
What is 21 - 18 - (11 + -9 - (-9 + 5))?
-3
What is 0 + 6 - ((60 - (-9 - -36)) + -134)?
107
100 - (8 + -12 + 6 + -3 + (-50 - -37))
114
Evaluate 279 - (310 + -158) - 54.
73
What is the value of (25 - 29) + -2 + 7 - (-121 - -127)?
-5
What is 68 + -57 + -62 + 34?
-17
-175 + 224 - 14 - (-1 - -108)
-72
What is -9 + 4 + 2 + 0 - (-35 - 25)?
57
Evaluate 87 - (32 - (-20 - (30 + -59))).
64
(-1274 - -1317) + (5 - -7)
55
Calculate -46 - (21 + -43 + 3 - -5).
-32
What is the value of 17 + (18 + -21 - 14) - (6 + 6)?
-12
What is the value of -34 + (113 - 86) + ((-1 - 2) + 1 - -21)?
12
What is the value of -2 + -39 + (70 - 41) - 26?
-38
-31 + 55 + -23 + -8 + -4 + 48
37
Evaluate 1 + 3 + 22 + -33 - 6.
-13
What is the value of -75 - (-11 - (21 - 17)) - (-3 + -1 - -8)?
-64
(-13 - (-12 + -4)) + 5 + 3 + -19
-8
What is -23 - (-62 + 7 + 50)?
-18
What is the value of 9 + (3 + -11 - -1) - (94 + -57)?
-35
Calculate (-3 - (-2 + 5)) + (-36 - -12) - (8 - -2).
-40
What is -81 - ((-94 - -61) + 27 - (-1 - -7) - -23)?
-92
What is 50 + 4 + -143 + 20?
-69
-50 - (-18 + 15 + 20 + -37)
-30
-134 + 67 + 84 - (-16 + 1)
32
((-8 - -14) + 4 - (-16 + 17)) + -37 - -2
-26
What is -18 + (-2 - (3 - -3) - (734 + -785))?
25
What is -122 - -120 - (45 + -3 + 5 + -7)?
-42
What is (-6 - (41 + -5 + -3 - -5)) + (-18 - -22)?
-40
Evaluate -165 + -3 - (1048 - 1173).
-43
What is (-29 + 44 - 16 - -20) + 32?
51
Evaluate (-39 - 0) + (-6 + -7 - -11) - (0 + -10).
-31
-98 + (14 + 1 - (-12 - (4 + 2 + -26)))
-91
What is 31 + 22 - (27 + -66)?
92
(-16 - 0 - 1) + -1 - (7679 + -7663)
-34
Evaluate -34 - (-106 + 47) - -10.
35
-43 + -6 - (-31 + 15)
-33
Calculate (-72 - (-98 - -68)) + 81.
39
What is (48 - (45 - -1)) + -1 + 38 - -13?
52
What is the value of 14 + (74 - 85 - -12)?
15
Calculate 81 + -114 - (16 - 2) - (2 + 1).
-50
What is -17 - (413 + -450 + (-2 - -31))?
-9
What is the value of 77 - (50 + -76) - 77?
26
13 + (-2 - (4 + -4)) + 9 + -43 + 0
-23
What is the value of (90 - (-87 + 139)) + 71?
109
What is -35 - (44 + 25 + -24)?
-80
What is the value of (8 - 27) + (-13 - (-8 - 3)) + -5 + 8?
-18
What is 35 + 1 + (-22588 - -22645)?
93
Calculate (-8 - (0 + -5)) + 16 + (6 - 11) + -3.
5
Calculate (53 + 64 - 72) + 18.
63
What is the value of 64 - (65 + 3) - -3?
-1
Evaluate 3 + (-2 - (-3 + -1)) + -2 + (-1 - 8).
-6
What is the value of 5 + -36 - (16 + 5 + -62)?
10
-31 + 2 - (-81 - -55)
-3
78 - (-30 + (-20 - -29) - -32)
67
What is 6 - (-21 - -1) - (191 - 183)?
18
What is the value of (-68 - -49) + (-10 + -11 - 6)?
-46
What is the value of 39 + (5 - -10 - 12)?
42
-10 + (2 - 64 - -1) + -3 - -7
-67
What is (7 - -4 - 4) + (123 - 138)?
-8
12 + 0 + 0 + 2 - (5 + -393 + 318)
84
(-1 - 1) + 2 + -5410 + 5443
33
13 + (-27 - (3 - (19 - -1))) - (1 - 79)
81
What is -66 + 10 + 48 + 82?
74
What is 38 - (55 - 37 - ((11 - (8 + -2)) + 3))?
28
Evaluate 22 + (-21 - (-49 - -28)).
22
Evaluate -8 - (73 - 41) - (-3 + (2 - -1) + 0).
-40
What is -27 + (-28 - 1 - -39) + -5?
-22
-2 - (-33 - -38 - (20 + -1))
12
What is the value of -3 + -23 + 18 + 12 + -1 + -8 + 123?
118
Evaluate (-13 + 70 - 22) + 6 - 82.
-41
Evaluate 3 + (-25 - (40 + -51)) + (74 - -1).
64
Calculate (130 - 1) + -94 + 81 + 3.
119
(37 - (34 + 30)) + (-9 - (3 - 2))
-37
-24 + 2 + 2 + 15 + -29
-34
What is (-40 - 16) + 20 + -14 + 26?
-24
What is 7 - ((36 - (-12 - -5)) + 4 + -6)?
-34
Calculate 9 + -16 - (3 - -13 - 81 - -19).
39
-65 - -79 - -32 - -16
62
What is 39 - (178 + (56 - 63))?
-132
(2 - 26) + (12 - (-7 + 9 + 118))
-132
Evaluate -4 + 12 + -68 + 10 + 5 + 11 + 6.
-28
Evaluate 29 - (-33 - (13 - 72)).
3
1 + (31 + (1 - -1) - (68 - 68)) - 3
31
What is 3 + -52 + (1627 - 1519)?
59
What is -19 + 0 + (91 - 71) - (0 - -14)?
-13
What is 47 + (-25 - (-26 + 3)) + 5?
50
Calculate -13 + 66 + 14 + -18 + -17.
32
What is the value of 58 + (-28 - -23) + 10?
63
What is the value of 70 + 0 + (37 - -12 - (31 + 16))?
72
Calculate 5085 + -5094 - (0 - (-111 + 1)).
-119
Evaluate -63 + -17 + (-5 - (-13 + -12)) + 4.
-56
82 - (127 + -19 + -66)
40
What is the value of 4 - ((-12 + 45 - -12) + -19)?
-22
What is (-10 + 6 - (0 - -9)) + (109 - 1) - 10?
85
What is 91 - 70 - (83 - -17)?
-79
-295 - (-24 - (161 - 35))
-145
Calculate 63 + -4 + (3 - 4) + 18 + 7.
83
Evaluate (12 - 42) + 108 + -75 - -64.
67
Calculate 121 - (-101 - -118) - 135.
-31
What is the value of 109 - (179 - 106) - (-1 + 2 + 9)?
26
-50 - ((3 - 19) + -2) - (0 + -11)
-21
(-15 - 7 - -25) + (15 + -135 - -14)
-103
What is 10 + -34 - (-5 + 5 + -10) - (13 + -10)?
-17
What is the value of 6 + -19 - -99 - 106?
-20
What is (-743 - -741 - (-22 - -1)) + -17?
2
What is the value of (6 - (7 + -25)) + 0 + -9 + 0?
15
What is 10 + -16 + -26 + 2 + -7?
-37
What is 21 + ((11 - -28) + -32 - 67)?
-39
Evaluate 89 - (-17 + (27 - 9) - -27).
61
Evaluate -31 - (-118 - -27) - (-1 + 2 + 6).
53
What is the value of -5 + (-12 + 13 - 11 - -31)?
16
Evaluate (10 - (7 - 8)) + (13 - (18 - 9) - 10).
5
Evaluate -146 + 133 + 3 + 11 + -30.
-29
What is the value of (4 - (-2 + 0 - 10)) + 534 + -506?
44
What is 30 + 60 + -132 + 14?
-28
What is the value of (44 - (-54 - 2 - -21)) + 7?
86
(-4 - ((6 - 11) + 49)) + (13 - (1 + 9))
-45
What is the value of -12 + 2 - (-1 + 11) - (-1 - -7)?
-26
What is the value of (56 - 3) + 23 + (-10 - 0 - 39)?
27
Calculate -4 - ((7 - (4 + (14 - 13))) + 39).
-45
What is the value of (-14 - 6 - -30 - 86) + 8?
-68
-105 - (-89 + 11) - -112
85
What is the value of (63 - -160) + -211 - (-1 + 58)?
-45
What is the value of -32 + (-53 + 16 - -71)?
2
-44 + (12 - (-7 - 0))
-25
What is the value of 3 + -2 + -63 + (-106 - (-37 + -81))?
-50
23 - (-2 - -13 - -11) - ((-1 - -97) + -5)
-90
(3 - -2 - (12 + 6 + -12 + -6)) + 4
9
Calculate (-22 - (-37 - 32) - 57) + -1 + -64.
-75
Evaluate (-16 - -4 - (-4 - -1) - (1225 - 1234)) + 47.
47
Calculate (-54 + -20 - -64) + 65.
55
-35 - -14 - 23 - (-12 - -5)
-37
87 + -19 + -34 - 39 - (-1 - 4)
0
Calculate (-1 + -16 - (447 - 431)) + -4.
-37
What is the value of (1 - -5) + 37 + -5 + 33 + -29?
42
1 + 42 - ((557 - 607) + 34 + -2)
61
What is -97 - (49 - -32 - 98 - (-24 + -1))?
-105
-12 + 6 + -3 + -3257 + 3244
-22
Evaluate 69 - 0 - (-32 + 60 - (-11 + 55)).
85
What is (1 + -3 - 7 - (13 - (64 + -32))) + -4?
6
Calculate (75 - 69) + (4 - 39).
-29
What is the value of 0 + (-36 - -1) + (-3683 - -3756)?
38
Evaluate -112 + (128 - (55 + 9)).
-48
(0 - -11) + -1 + (-1686 - -1725)
49
What is the value of -6 + -41 + (-244 - -295)?
4
Evaluate (-42 - 0 - (-2 + 1)) + (1097 - 1099).
-43
What is 80 - 124 - (34 - (13 + -4))?
-69
Evaluate 63 + 15 + (245 - 233 - (30 + -1)).
61
(5 - 18) + (6 - 2 - (38 - 19))
-28
What is 75 + -92 - -170 - 44 - (0 + 0 + 10)?
99
-65 - (50 - 117) - (-36 - -2)
36
10 - (21 - (13 + -23 + 8)) - (3 - -5)
-21
Evaluate (-11 - (-36 - -31)) + (6 + -51 - (0 - -2)).
-53
What is the value of (2 - -88 - 53) + -16?
21
Calculate (-15 + -23 + 16 - -17) + (-47 - -15).
-37
What is the value of -14 + 19 - (-9 - (25 - (6 - (-3 - -6))))?
36
Evaluate -39 + -32 + 7 + 46.
-18
145 